ommon divisor of 1914 and 165?
33
What is the greatest common factor of 38 and 2090?
38
Calculate the highest common divisor of 12 and 2916.
12
What is the highest common divisor of 7117 and 22?
11
Calculate the highest common factor of 6032 and 78.
26
Calculate the greatest common factor of 42 and 210.
42
What is the greatest common factor of 72 and 54?
18
Calculate the greatest common factor of 9691 and 11.
11
Calculate the highest common factor of 70 and 406.
14
What is the highest common factor of 106 and 530?
106
What is the highest common divisor of 252 and 9954?
126
Calculate the greatest common divisor of 240 and 8040.
120
What is the greatest common factor of 3088 and 32?
16
What is the highest common factor of 219 and 1825?
73
Calculate the highest common factor of 354 and 295.
59
What is the highest common factor of 728 and 637?
91
What is the greatest common factor of 264 and 108?
12
What is the greatest common divisor of 172 and 129?
43
What is the greatest common divisor of 117 and 225?
9
Calculate the highest common divisor of 100 and 260.
20
Calculate the highest common factor of 574 and 266.
14
What is the highest common factor of 264 and 110?
22
Calculate the highest common divisor of 365 and 20.
5
Calculate the greatest common divisor of 171 and 608.
19
Calculate the greatest common factor of 7 and 1246.
7
What is the greatest common divisor of 4864 and 494?
38
Calculate the greatest common divisor of 544 and 34.
34
Calculate the greatest common factor of 6254 and 53.
53
What is the greatest common divisor of 1334 and 46?
46
What is the highest common factor of 26 and 4?
2
Calculate the greatest common factor of 531 and 295.
59
Calculate the greatest common divisor of 31487 and 46.
23
Calculate the greatest common divisor of 925 and 37.
37
Calculate the greatest common divisor of 48 and 8480.
16
What is the greatest common factor of 31 and 155?
31
What is the greatest common factor of 105 and 14?
7
Calculate the highest common divisor of 220 and 4268.
44
Calculate the greatest common factor of 30038 and 46.
46
What is the highest common factor of 75 and 135?
15
What is the greatest common divisor of 27 and 27?
27
What is the highest common factor of 159 and 53?
53
Calculate the highest common factor of 21 and 84.
21
What is the greatest common divisor of 77 and 21?
7
Calculate the greatest common divisor of 70420 and 7.
7
Calculate the highest common factor of 3296 and 206.
206
Calculate the greatest common factor of 10920 and 90.
30
Calculate the greatest common divisor of 98073 and 153.
153
Calculate the greatest common factor of 48 and 48.
48
What is the highest common factor of 256 and 864?
32
Calculate the highest common factor of 229 and 1832.
229
What is the greatest common divisor of 2222 and 11?
11
What is the highest common factor of 39 and 26?
13
What is the greatest common factor of 3 and 6?
3
What is the greatest common factor of 129 and 1075?
43
What is the greatest common divisor of 708 and 12?
12
Calculate the greatest common factor of 256 and 448.
64
What is the greatest common divisor of 40 and 2360?
40
What is the greatest common divisor of 7 and 1050?
7
What is the highest common factor of 372 and 48?
12
What is the highest common divisor of 1386 and 567?
63
What is the highest common divisor of 112 and 49?
7
Calculate the highest common divisor of 172 and 3913.
43
What is the highest common divisor of 119 and 9197?
17
What is the greatest common divisor of 33 and 143?
11
Calculate the highest common divisor of 64 and 96.
32
Calculate the highest common factor of 4 and 44.
4
What is the highest common factor of 19 and 77292?
19
What is the highest common divisor of 329 and 9776?
47
Calculate the greatest common divisor of 1012 and 418.
22
Calculate the highest common factor of 475 and 57.
19
Calculate the highest common factor of 8 and 134.
2
What is the highest common divisor of 48 and 1572?
12
What is the greatest common factor of 54 and 909?
9
What is the greatest common divisor of 8 and 7?
1
What is the highest common factor of 468 and 156?
156
Calculate the greatest common divisor of 40 and 7360.
40
What is the greatest common factor of 1504 and 47?
47
Calculate the highest common divisor of 256 and 3456.
128
Calculate the greatest common divisor of 180 and 40.
20
Calculate the greatest common divisor of 2875 and 125.
125
What is the highest common factor of 64 and 356?
4
What is the highest common divisor of 104 and 1066?
26
What is the greatest common divisor of 682 and 22?
22
What is the greatest common factor of 169 and 104?
13
What is the highest common factor of 806 and 832?
26
What is the greatest common divisor of 595 and 805?
35
What is the greatest common divisor of 1053 and 162?
81
Calculate the greatest common divisor of 870 and 30.
30
Calculate the highest common factor of 35 and 2205.
35
Calculate the highest common factor of 6 and 10.
2
What is the highest common divisor of 338 and 2873?
169
What is the highest common factor of 9 and 1962?
9
What is the highest common divisor of 7800 and 500?
100
Calculate the greatest common factor of 52 and 663.
13
What is the greatest common divisor of 11264 and 88?
88
What is the greatest common factor of 2 and 31?
1
What is the highest common factor of 10 and 370?
10
What is the greatest common divisor of 800 and 25?
25
What is the greatest common divisor of 45 and 10?
5
Calculate the highest common factor of 864 and 27.
27
Calculate the greatest common divisor of 7 and 189.
7
Calculate the highest common factor of 660 and 20.
20
Calculate the highest common factor of 144 and 672.
48
Calculate the highest common divisor of 69 and 1633.
23
What is the highest common factor of 1192 and 4?
4
What is the greatest common factor of 202 and 6969?
101
Calculate the highest common divisor of 987 and 4512.
141
Calculate the greatest common factor of 7 and 21.
7
Calculate the greatest common divisor of 37 and 7807.
37
What is the highest common divisor of 17 and 1?
1
What is the highest common divisor of 99 and 55?
11
Calculate the highest common factor of 215 and 731.
43
Calculate the greatest common divisor of 1221 and 74.
37
Calculate the greatest common divisor of 465 and 45.
15
What is the highest common factor of 36 and 45?
9
Calculate the greatest common divisor of 23020 and 60.
20
Calculate the highest common divisor of 40 and 8.
8
Calculate the highest common divisor of 58 and 29.
29
Calculate the highest common divisor of 64 and 312.
8
What is the highest common divisor of 1717 and 51?
17
Calculate the greatest common divisor of 1833 and 1677.
39
Calculate the highest common divisor of 768 and 640.
128
What is the greatest common divisor of 9955 and 165?
55
What is the greatest common factor of 42 and 378?
42
What is the greatest common divisor of 989 and 23?
23
What is the greatest common factor of 182 and 28?
14
What is the greatest common factor of 56 and 1694?
14
Calculate the greatest common factor of 20 and 8020.
20
Calculate the greatest common factor of 4539 and 445.
89
Calculate the greatest common divisor of 18669 and 147.
147
What is the highest common divisor of 11440 and 104?
104
What is the greatest common factor of 425 and 187?
17
Calculate the highest common factor of 169 and 26.
13
What is the greatest common divisor of 44 and 1980?
44
What is the greatest common divisor of 14418 and 89?
89
What is the highest common factor of 80 and 80?
80
What is the highest common divisor of 140 and 50?
10
Calculate the greatest common divisor of 52 and 2002.
26
What is the greatest common factor of 34 and 1394?
34
What is the highest common factor of 77 and 33?
11
What is the highest common factor of 414 and 144?
18
Calculate the highest common divisor of 3629 and 955.
191
Calculate the highest common divisor of 66 and 3.
3
What is the highest common factor of 81 and 5751?
81
Calculate the highest common factor of 225 and 25.
25
What is the greatest common factor of 2175 and 609?
87
What is the highest common divisor of 237 and 10823?
79
What is the highest common factor of 4 and 212?
4
What is the greatest common divisor of 63 and 531?
9
What is the greatest common factor of 1320 and 66?
66
Calculate the greatest common factor of 48 and 1